{"id":8,"date":"2020-09-14T09:56:54","date_gmt":"2020-09-14T09:56:54","guid":{"rendered":"https:\/\/themes.muffingroup.com\/be\/aromatherapy\/?page_id=8"},"modified":"2026-01-04T00:21:34","modified_gmt":"2026-01-04T00:21:34","slug":"about-us","status":"publish","type":"page","link":"https:\/\/mindfati.com\/?page_id=8","title":{"rendered":"Nosotros"},"content":{"rendered":"\t\t<div data-elementor-type=\"wp-page\" data-elementor-id=\"8\" class=\"elementor elementor-8\">\n\t\t\t\t\t\t<section class=\"elementor-section elementor-top-section elementor-element elementor-element-c251637 elementor-section-content-middle elementor-section-stretched elementor-section-boxed elementor-section-height-default elementor-section-height-default\" data-id=\"c251637\" data-element_type=\"section\" data-settings=\"{&quot;stretch_section&quot;:&quot;section-stretched&quot;}\">\n\t\t\t\t\t\t<div class=\"elementor-container elementor-column-gap-wider\">\n\t\t\t\t\t<div class=\"elementor-column elementor-col-50 elementor-top-column elementor-element elementor-element-923abd1\" data-id=\"923abd1\" data-element_type=\"column\">\n\t\t\t<div class=\"elementor-widget-wrap elementor-element-populated\">\n\t\t\t\t\t\t<div class=\"elementor-element elementor-element-7ed7b85 elementor-widget elementor-widget-image\" data-id=\"7ed7b85\" data-element_type=\"widget\" data-widget_type=\"image.default\">\n\t\t\t\t\t\t\t\t\t\t\t\t\t\t\t<img fetchpriority=\"high\" decoding=\"async\" width=\"1024\" height=\"1024\" src=\"https:\/\/mindfati.com\/wp-content\/uploads\/2026\/01\/Proyecto-nuevo.png\" class=\"attachment-large size-large wp-image-121\" alt=\"\" srcset=\"https:\/\/mindfati.com\/wp-content\/uploads\/2026\/01\/Proyecto-nuevo.png 1024w, https:\/\/mindfati.com\/wp-content\/uploads\/2026\/01\/Proyecto-nuevo-500x500.png 500w, https:\/\/mindfati.com\/wp-content\/uploads\/2026\/01\/Proyecto-nuevo-300x300.png 300w, https:\/\/mindfati.com\/wp-content\/uploads\/2026\/01\/Proyecto-nuevo-768x768.png 768w, https:\/\/mindfati.com\/wp-content\/uploads\/2026\/01\/Proyecto-nuevo-150x150.png 150w, https:\/\/mindfati.com\/wp-content\/uploads\/2026\/01\/Proyecto-nuevo-75x75.png 75w, https:\/\/mindfati.com\/wp-content\/uploads\/2026\/01\/Proyecto-nuevo-480x480.png 480w\" sizes=\"(max-width:767px) 480px, (max-width:1024px) 100vw, 1024px\" \/>\t\t\t\t\t\t\t\t\t\t\t\t\t\t\t<\/div>\n\t\t\t\t\t<\/div>\n\t\t<\/div>\n\t\t\t\t<div class=\"elementor-column elementor-col-50 elementor-top-column elementor-element elementor-element-dc76086\" data-id=\"dc76086\" data-element_type=\"column\">\n\t\t\t<div class=\"elementor-widget-wrap elementor-element-populated\">\n\t\t\t\t\t\t<div class=\"elementor-element elementor-element-4bcdc3d elementor-widget elementor-widget-text-editor\" data-id=\"4bcdc3d\" data-element_type=\"widget\" data-widget_type=\"text-editor.default\">\n\t\t\t\t\t\t\t\t\t<h2>Mauricio Olmedo<\/h2><p data-start=\"979\" data-end=\"1301\">Psic\u00f3logo Cl\u00ednico con amplia experiencia en el acompa\u00f1amiento de ni\u00f1os, adolescentes, adultos, parejas y familias. Mi prop\u00f3sito es ofrecer un espacio seguro y libre de juicios donde las personas puedan explorar su mundo interno, comprender sus emociones y encontrar caminos de cambio aut\u00e9nticos.<\/p><p data-start=\"1303\" data-end=\"1512\">Cuento con una <strong data-start=\"1318\" data-end=\"1360\">Maestr\u00eda en Mindfulness y Psicoterapia<\/strong> otorgada por la <strong data-start=\"1377\" data-end=\"1405\">Universidad de Barcelona<\/strong>, adem\u00e1s de formaci\u00f3n especializada en <strong data-start=\"1444\" data-end=\"1466\">Psicolog\u00eda Cl\u00ednica<\/strong>, <strong data-start=\"1468\" data-end=\"1486\">Psicooncolog\u00eda<\/strong> y <strong data-start=\"1489\" data-end=\"1509\">Peritaje Forense<\/strong>.<\/p><p data-start=\"1514\" data-end=\"1739\">Mi enfoque es <strong data-start=\"1528\" data-end=\"1548\">antipsiqui\u00e1trico<\/strong>, lo que significa que acompa\u00f1o procesos terap\u00e9uticos sin el uso de f\u00e1rmacos psiqui\u00e1tricos, priorizando el trabajo de la consciencia, la introspecci\u00f3n y la conexi\u00f3n con el momento presente.<\/p><p data-start=\"1741\" data-end=\"1938\">A trav\u00e9s de t\u00e9cnicas de mindfulness, herramientas psicoterap\u00e9uticas y un trato cercano, busco que cada persona descubra sus recursos internos para afrontar la vida con mayor claridad y serenidad.<\/p>\t\t\t\t\t\t\t\t<\/div>\n\t\t\t\t<div class=\"elementor-element elementor-element-ea02fef elementor-widget elementor-widget-button\" data-id=\"ea02fef\" data-element_type=\"widget\" data-widget_type=\"button.default\">\n\t\t\t\t\t\t\t\t\t\t<a class=\"elementor-button elementor-button-link elementor-size-sm\" href=\"https:\/\/mindfati.com\/?page_id=10\">\n\t\t\t\t\t\t<span class=\"elementor-button-content-wrapper\">\n\t\t\t\t\t\t\t\t\t<span class=\"elementor-button-text\">Agendamiento<\/span>\n\t\t\t\t\t<\/span>\n\t\t\t\t\t<\/a>\n\t\t\t\t\t\t\t\t<\/div>\n\t\t\t\t\t<\/div>\n\t\t<\/div>\n\t\t\t\t\t<\/div>\n\t\t<\/section>\n\t\t\t\t<section class=\"elementor-section elementor-top-section elementor-element elementor-element-d613820 elementor-section-content-middle elementor-section-stretched elementor-section-boxed elementor-section-height-default elementor-section-height-default\" data-id=\"d613820\" data-element_type=\"section\" data-settings=\"{&quot;stretch_section&quot;:&quot;section-stretched&quot;}\">\n\t\t\t\t\t\t<div class=\"elementor-container elementor-column-gap-wider\">\n\t\t\t\t\t<div class=\"elementor-column elementor-col-33 elementor-top-column elementor-element elementor-element-c034305\" data-id=\"c034305\" data-element_type=\"column\">\n\t\t\t<div class=\"elementor-widget-wrap elementor-element-populated\">\n\t\t\t\t\t\t<div class=\"elementor-element elementor-element-090fda3 elementor-widget elementor-widget-image\" data-id=\"090fda3\" data-element_type=\"widget\" data-widget_type=\"image.default\">\n\t\t\t\t\t\t\t\t\t\t\t\t\t\t\t<img decoding=\"async\" src=\"https:\/\/mindfati.com\/wp-content\/uploads\/2020\/09\/aromatherapy-home-icon1.png\" class=\"attachment-large size-large wp-image-28\" alt=\"\" \/>\t\t\t\t\t\t\t\t\t\t\t\t\t\t\t<\/div>\n\t\t\t\t<div class=\"elementor-element elementor-element-2e0f45c elementor-widget elementor-widget-text-editor\" data-id=\"2e0f45c\" data-element_type=\"widget\" data-widget_type=\"text-editor.default\">\n\t\t\t\t\t\t\t\t\t<h4>Terapia libre de f\u00e1rmacos psiqui\u00e1tricos.<\/h4><p>\u00a0<\/p>\t\t\t\t\t\t\t\t<\/div>\n\t\t\t\t\t<\/div>\n\t\t<\/div>\n\t\t\t\t<div class=\"elementor-column elementor-col-33 elementor-top-column elementor-element elementor-element-064d924\" data-id=\"064d924\" data-element_type=\"column\">\n\t\t\t<div class=\"elementor-widget-wrap elementor-element-populated\">\n\t\t\t\t\t\t<div class=\"elementor-element elementor-element-df234fe elementor-widget elementor-widget-image\" data-id=\"df234fe\" data-element_type=\"widget\" data-widget_type=\"image.default\">\n\t\t\t\t\t\t\t\t\t\t\t\t\t\t\t<img decoding=\"async\" src=\"https:\/\/mindfati.com\/wp-content\/uploads\/2020\/09\/aromatherapy-home-icon2.png\" class=\"attachment-large size-large wp-image-29\" alt=\"\" \/>\t\t\t\t\t\t\t\t\t\t\t\t\t\t\t<\/div>\n\t\t\t\t<div class=\"elementor-element elementor-element-1518419 elementor-widget elementor-widget-text-editor\" data-id=\"1518419\" data-element_type=\"widget\" data-widget_type=\"text-editor.default\">\n\t\t\t\t\t\t\t\t\t<h4>Acompa\u00f1amiento personalizado y cercano.<\/h4>\t\t\t\t\t\t\t\t<\/div>\n\t\t\t\t\t<\/div>\n\t\t<\/div>\n\t\t\t\t<div class=\"elementor-column elementor-col-33 elementor-top-column elementor-element elementor-element-c403841\" data-id=\"c403841\" data-element_type=\"column\">\n\t\t\t<div class=\"elementor-widget-wrap elementor-element-populated\">\n\t\t\t\t\t\t<div class=\"elementor-element elementor-element-e6f5cc6 elementor-widget elementor-widget-image\" data-id=\"e6f5cc6\" data-element_type=\"widget\" data-widget_type=\"image.default\">\n\t\t\t\t\t\t\t\t\t\t\t\t\t\t\t<img decoding=\"async\" src=\"https:\/\/mindfati.com\/wp-content\/uploads\/2020\/09\/aromatherapy-home-icon3.png\" class=\"attachment-large size-large wp-image-30\" alt=\"\" \/>\t\t\t\t\t\t\t\t\t\t\t\t\t\t\t<\/div>\n\t\t\t\t<div class=\"elementor-element elementor-element-499622d elementor-widget elementor-widget-text-editor\" data-id=\"499622d\" data-element_type=\"widget\" data-widget_type=\"text-editor.default\">\n\t\t\t\t\t\t\t\t\t<h4>Herramientas pr\u00e1cticas para tu vida diaria.<\/h4><p>\u00a0<\/p>\t\t\t\t\t\t\t\t<\/div>\n\t\t\t\t\t<\/div>\n\t\t<\/div>\n\t\t\t\t\t<\/div>\n\t\t<\/section>\n\t\t\t\t<section class=\"elementor-section elementor-top-section elementor-element elementor-element-7ea0a99 elementor-section-content-middle elementor-section-stretched elementor-section-boxed elementor-section-height-default elementor-section-height-default\" data-id=\"7ea0a99\" data-element_type=\"section\" data-settings=\"{&quot;stretch_section&quot;:&quot;section-stretched&quot;}\">\n\t\t\t\t\t\t<div class=\"elementor-container elementor-column-gap-wider\">\n\t\t\t\t\t<div class=\"elementor-column elementor-col-50 elementor-top-column elementor-element elementor-element-2c4e27c\" data-id=\"2c4e27c\" data-element_type=\"column\">\n\t\t\t<div class=\"elementor-widget-wrap elementor-element-populated\">\n\t\t\t\t\t\t<div class=\"elementor-element elementor-element-dc34131 elementor-widget elementor-widget-image\" data-id=\"dc34131\" data-element_type=\"widget\" data-widget_type=\"image.default\">\n\t\t\t\t\t\t\t\t\t\t\t\t\t\t\t<img decoding=\"async\" width=\"900\" height=\"1200\" src=\"https:\/\/mindfati.com\/wp-content\/uploads\/2026\/01\/WhatsApp-Image-2026-01-03-at-19.58.02-900x1200.jpeg\" class=\"attachment-large size-large wp-image-107\" alt=\"\" srcset=\"https:\/\/mindfati.com\/wp-content\/uploads\/2026\/01\/WhatsApp-Image-2026-01-03-at-19.58.02-900x1200.jpeg 900w, https:\/\/mindfati.com\/wp-content\/uploads\/2026\/01\/WhatsApp-Image-2026-01-03-at-19.58.02-375x500.jpeg 375w, https:\/\/mindfati.com\/wp-content\/uploads\/2026\/01\/WhatsApp-Image-2026-01-03-at-19.58.02-225x300.jpeg 225w, https:\/\/mindfati.com\/wp-content\/uploads\/2026\/01\/WhatsApp-Image-2026-01-03-at-19.58.02-768x1024.jpeg 768w, https:\/\/mindfati.com\/wp-content\/uploads\/2026\/01\/WhatsApp-Image-2026-01-03-at-19.58.02-1152x1536.jpeg 1152w, https:\/\/mindfati.com\/wp-content\/uploads\/2026\/01\/WhatsApp-Image-2026-01-03-at-19.58.02-1536x2048.jpeg 1536w, https:\/\/mindfati.com\/wp-content\/uploads\/2026\/01\/WhatsApp-Image-2026-01-03-at-19.58.02-56x75.jpeg 56w, https:\/\/mindfati.com\/wp-content\/uploads\/2026\/01\/WhatsApp-Image-2026-01-03-at-19.58.02-480x640.jpeg 480w, https:\/\/mindfati.com\/wp-content\/uploads\/2026\/01\/WhatsApp-Image-2026-01-03-at-19.58.02-scaled.jpeg 1920w\" sizes=\"(max-width:767px) 480px, (max-width:900px) 100vw, 900px\" \/>\t\t\t\t\t\t\t\t\t\t\t\t\t\t\t<\/div>\n\t\t\t\t\t<\/div>\n\t\t<\/div>\n\t\t\t\t<div class=\"elementor-column elementor-col-50 elementor-top-column elementor-element elementor-element-8dbf86f\" data-id=\"8dbf86f\" data-element_type=\"column\">\n\t\t\t<div class=\"elementor-widget-wrap elementor-element-populated\">\n\t\t\t\t\t\t<div class=\"elementor-element elementor-element-a30933e elementor-widget elementor-widget-text-editor\" data-id=\"a30933e\" data-element_type=\"widget\" data-widget_type=\"text-editor.default\">\n\t\t\t\t\t\t\t\t\t<h2><br \/>Centro Mindfati<\/h2><p data-start=\"29\" data-end=\"245\">El Centro Mindfati es un espacio cl\u00ednico con enfoque integrador que articula psicolog\u00eda cl\u00ednica contempor\u00e1nea y mindfulness basado en evidencia, con una mirada cr\u00edtica frente a modelos reduccionistas en salud mental.<\/p><p data-start=\"247\" data-end=\"514\">El malestar emocional se comprende como una se\u00f1al significativa vinculada a la historia personal, el cuerpo, los v\u00ednculos y el contexto vital. El proceso terap\u00e9utico busca promover claridad, sentido y capacidad de acci\u00f3n, favoreciendo cambios profundos y sostenibles.<\/p><p data-start=\"516\" data-end=\"756\">El centro brinda acompa\u00f1amiento a ni\u00f1os, adolescentes, adultos, parejas y familias, especialmente en situaciones de crisis y procesos de cambio, adaptando el enfoque a las necesidades de cada consultante desde una pr\u00e1ctica \u00e9tica y emp\u00e1tica.<\/p><p data-start=\"758\" data-end=\"1040\" data-is-last-node=\"\" data-is-only-node=\"\">Mindfati es dirigido por Mauricio Olmedo, Psic\u00f3logo Cl\u00ednico con posgrado en Mindfulness y Psicoterapia por la Universidad de Barcelona y experiencia en cl\u00ednica, psicooncolog\u00eda y peritaje forense. La consulta est\u00e1 ubicada cerca del metro Tobalaba, con opci\u00f3n de atenci\u00f3n a domicilio.<\/p>\t\t\t\t\t\t\t\t<\/div>\n\t\t\t\t<div class=\"elementor-element elementor-element-e4e79b9 elementor-widget elementor-widget-button\" data-id=\"e4e79b9\" data-element_type=\"widget\" data-widget_type=\"button.default\">\n\t\t\t\t\t\t\t\t\t\t<a class=\"elementor-button elementor-button-link elementor-size-sm\" href=\"https:\/\/mindfati.com\/?page_id=10\">\n\t\t\t\t\t\t<span class=\"elementor-button-content-wrapper\">\n\t\t\t\t\t\t\t\t\t<span class=\"elementor-button-text\">Servicios<\/span>\n\t\t\t\t\t<\/span>\n\t\t\t\t\t<\/a>\n\t\t\t\t\t\t\t\t<\/div>\n\t\t\t\t\t<\/div>\n\t\t<\/div>\n\t\t\t\t\t<\/div>\n\t\t<\/section>\n\t\t\t\t<\/div>\n\t\t","protected":false},"excerpt":{"rendered":"<p>Mauricio Olmedo Psic\u00f3logo Cl\u00ednico con amplia experiencia en el acompa\u00f1amiento de ni\u00f1os, adolescentes, adultos, parejas y familias. Mi prop\u00f3sito es ofrecer un espacio seguro y libre<span class=\"excerpt-hellip\"> [\u2026]<\/span><\/p>\n","protected":false},"author":1,"featured_media":0,"parent":0,"menu_order":0,"comment_status":"open","ping_status":"closed","template":"","meta":{"footnotes":""},"class_list":["post-8","page","type-page","status-publish","hentry"],"_links":{"self":[{"href":"https:\/\/mindfati.com\/index.php?rest_route=\/wp\/v2\/pages\/8","targetHints":{"allow":["GET"]}}],"collection":[{"href":"https:\/\/mindfati.com\/index.php?rest_route=\/wp\/v2\/pages"}],"about":[{"href":"https:\/\/mindfati.com\/index.php?rest_route=\/wp\/v2\/types\/page"}],"author":[{"embeddable":true,"href":"https:\/\/mindfati.com\/index.php?rest_route=\/wp\/v2\/users\/1"}],"replies":[{"embeddable":true,"href":"https:\/\/mindfati.com\/index.php?rest_route=%2Fwp%2Fv2%2Fcomments&post=8"}],"version-history":[{"count":10,"href":"https:\/\/mindfati.com\/index.php?rest_route=\/wp\/v2\/pages\/8\/revisions"}],"predecessor-version":[{"id":124,"href":"https:\/\/mindfati.com\/index.php?rest_route=\/wp\/v2\/pages\/8\/revisions\/124"}],"wp:attachment":[{"href":"https:\/\/mindfati.com\/index.php?rest_route=%2Fwp%2Fv2%2Fmedia&parent=8"}],"curies":[{"name":"wp","href":"https:\/\/api.w.org\/{rel}","templated":true}]}}